94
In base 10, what is 2 + 59982605?
59982607
In base 3, what is 1 - 101001012111022?
-101001012111021
In base 13, what is 9 + -1a1c11b?
-1a1c112
In base 10, what is 14 + 104124?
104138
In base 5, what is 42 + 1232332032?
1232332124
In base 13, what is 464699 - -163?
46482c
In base 9, what is -23681632 - 23?
-23681655
In base 15, what is -35 + -1634e?
-16384
In base 14, what is -4863a7 - 3c?
-486405
In base 8, what is -204370656 + 14?
-204370642
In base 3, what is -2001001021 - -121022?
-2000102222
In base 12, what is -59 - b2bb24?
-b2bb81
In base 14, what is -19a89 + 31?
-19a58
In base 14, what is 21b + c02?
101d
In base 6, what is 32334 + 21345?
54123
In base 5, what is -2 - -12311310243?
12311310241
In base 15, what is a5d - -e1754?
e22b2
In base 4, what is -20133333010031 - 11?
-20133333010102
In base 15, what is -17 + -5152d8?
-515300
In base 5, what is -211 + -200003422?
-200004133
In base 10, what is 2 - 727877?
-727875
In base 15, what is -2a4bb7 + c?
-2a4baa
In base 15, what is -e8a25 + -1?
-e8a26
In base 16, what is c89b + -13b9?
b4e2
In base 5, what is -4 - -120121100040?
120121100031
In base 6, what is 13 - -455420412?
455420425
In base 15, what is a7001 - 12e?
a6dc2
In base 8, what is -63 + 20207173?
20207110
In base 3, what is 221 - -20102222022212?
20102222100210
In base 16, what is 0 - -958a32f?
958a32f
In base 16, what is 1330d - -980?
13c8d
In base 12, what is 46a2b53 + -3?
46a2b50
In base 8, what is -10 - -1061167065?
1061167055
In base 10, what is 21998 + 2850?
24848
In base 3, what is -1012111 + -212120110120?
-212121200001
In base 4, what is -11 - -12212100200?
12212100123
In base 16, what is -599aa - -4a?
-59960
In base 11, what is 3 + -2452559?
-2452556
In base 4, what is 2233 + -21320102?
-21311203
In base 14, what is -3 + 9007b1?
9007ac
In base 6, what is 5203452335 + -4?
5203452331
In base 13, what is -98a20 + -bc?
-98b0c
In base 15, what is -99359 - 17?
-99371
In base 9, what is -46302 - -21174?
-25117
In base 4, what is 22230023 - 3132113?
13031310
In base 5, what is -30103330104 + 12?
-30103330042
In base 7, what is -4421 - -166524?
162103
In base 8, what is 441 + -5210455?
-5210014
In base 2, what is 1011001100110110001 + 10001?
1011001100111000010
In base 12, what is -171 - -485a64?
4858b3
In base 12, what is 1369 + -93?
1296
In base 10, what is 3524689 - -6?
3524695
In base 3, what is 210100 - 12110212220?
-12110002120
In base 5, what is 3103040 - -100003?
3203043
In base 2, what is -1111101101111100011001011 + 100?
-1111101101111100011000111
In base 3, what is -20011011101 + -1221?
-20011020022
In base 3, what is 212021211 - -211222211?
1201021122
In base 5, what is -214 - -44331332?
44331113
In base 15, what is 764e1 + b6?
765a7
In base 6, what is -30350 + 3104?
-23242
In base 12, what is -1006b23 + -27?
-1006b4a
In base 15, what is -3 + -30cce8?
-30cceb
In base 14, what is 10858 + -4295?
a5a3
In base 3, what is 12 - 11110012212221102?
-11110012212221020
In base 12, what is 38a170 + -14?
38a158
In base 16, what is 556c + 2a19?
7f85
In base 10, what is -5 - -13529227?
13529222
In base 10, what is 18829 - -421?
19250
In base 16, what is 590f4b + 1?
590f4c
In base 8, what is 1760135 + -15?
1760120
In base 3, what is 20001 + -110100110?
-110010102
In base 15, what is -48506c6 - 3?
-48506c9
In base 8, what is 4 + 13274557?
13274563
In base 16, what is 4 + -398137?
-398133
In base 14, what is -192b + 25684?
23b57
In base 10, what is -81867 - -704?
-81163
In base 5, what is -1234443 - 24333?
-1314331
In base 6, what is -4 - 44102325?
-44102333
In base 10, what is -11441692 - 3?
-11441695
In base 14, what is 6a368c5 + -a?
6a368b9
In base 3, what is 12002002220 - 201?
12002002012
In base 4, what is 2131110103103 - -11?
2131110103120
In base 9, what is -3811485 + -45?
-3811541
In base 4, what is 31110 + 122022?
213132
In base 4, what is 20122101002330 - -10?
20122101003000
In base 7, what is -226 + -16405434?
-16405663
In base 6, what is -35555045403 - 3?
-35555045410
In base 15, what is -1 + 617ee?
617ed
In base 10, what is -148 - 101689?
-101837
In base 16, what is 4a0f36 + 5?
4a0f3b
In base 4, what is -10021021130101 - -10?
-10021021130031
In base 4, what is 33310211 + 10012?
33320223
In base 9, what is 3013668 + 0?
3013668
In base 11, what is -a50865 - 181?
-a50a36
In base 12, what is 26873 + b?
26882
In base 11, what is -739 - 2508?
-3146
In base 8, what is -2 + -12151475?
-12151477
In base 8, what is 27414171 - -6?
27414177
In base 5, what is 1203 - 12442043?
-12440340
In base 15, what is 2 - 38d87ce?
-38d87cc
In base 14, what is 2460b086 - -4?
2460b08a
In base 9, what is -488 + -37023?
-37522
In base 10, what is -255799 - 9?
-255808
In base 10, what is -71283 - -31?
-71252
In base 6, what is 3130455131 - -4?
3130455135
In base 10, what is -2 + 1788513?
1788511
In base 14, what is -a601653 - 3?
-a601656
In base 7, what is 264111 + -12541?
251240
In base 10, what is 38077 + -234?
37843
In base 3, what is 10212112110021 + 111?
10212112110202
In base 4, what is 333 + -123120303130?
-123120302131
In base 8, what is -3 - 1700753703?
-1700753706
In base 15, what is 3 + -227466?
-227463
In base 16, what is 9 - -149fae?
149fb7
In base 7, what is 13610 - -663?
14603
In base 6, what is 4 - 1343044111?
-1343044103
In base 16, what is -7b973f - 33?
-7b9772
In base 8, what is -3 - 72327120?
-72327123
In base 12, what is 43176 + 97?
43251
In base 15, what is d68 + 31b9?
4032
In base 9, what is 45 - -230461?
230516
In base 5, what is -102222042 + -3414?
-102231011
In base 15, what is -6 + -59e95?
-59e9b
In base 13, what is -1010c3a + 59?
-1010bb1
In base 16, what is -d + 1e7bb6e?
1e7bb61
In base 12, what is 240b7ba + -4?
240b7b6
In base 10, what is -120983 + -402?
-121385
In base 8, what is 1112703 - -11?
1112714
In base 9, what is -50752315 - 13?
-50752328
In base 8, what is -4323 + -7003?
-13326
In base 14, what is -253 - 57b0b?
-57d60
In base 9, what is 385 - 308375?
-307880
In base 2, what is 101 - 1010110100011010111110010?
-1010110100011010111101101
In base 16, what is 4 - 551b8f3?
-551b8ef
In base 4, what is -12 - 10223323?
-10230001
In base 5, what is -11331134 - -4340?
-11321244
In base 12, what is 3 - a8837b?
-a88378
In base 11, what is 62 + 48a4a?
49001
In base 7, what is -31551 + 125?
-31423
In base 9, what is 4 - 33313321?
-33313316
In base 5, what is 10 - -2013434340?
2013434400
In base 7, what is 1433 + 120021?
121454
In base 9, what is 366 - -1648005?
1648372
In base 14, what is 275 - -16aa2?
16d37
In base 7, what is 6012562 - 56?
6012503
In base 9, what is -885 + 6655?
5660
In base 13, what is -2 + -392741?
-392743
In base 9, what is 1260 - -151147?
152417
In base 11, what is 31 + -456591?
-456560
In base 8, what is 52 + 366101?
366153
In base 9, what is -153060264 + 0?
-153060264
In base 16, what is -1f + 57931?
57912
In base 9, what is -3361888310 - -1?
-3361888308
In base 5, what is -10 + -14444401342?
-14444401402
In base 3, what is 0 - -100012010101202?
100012010101202
In base 16, what is -33f206 - 7?
-33f20d
In base 11, what is 2 - 601284?
-601282
In base 16, what is 4 - -18b3a37?
18b3a3b
In base 6, what is -1002114 + 22431?
-535243
In base 10, what is 8193 - 7898?
295
In base 3, what is 101102121021 - 1000?
101102120021
In base 2, what is 1100010000 - 110010011000?
-100110001000
In base 9, what is 855 - 2441?
-1475
In base 10, what is 1 + 3501940?
3501941
In base 8, what is 1167755 - -167?
1170144
In base 2, what is -10101100101100000 + -11100?
-10101100101111100
In base 6, what is 10002 - -31424?
41430
In base 13, what is 3914 - -679?
4290
In base 6, what is 225 + -24133525?
-24133300
In base 5, what is -14323342432 - 1?
-14323342433
In base 16, what is -14f7 + -1065?
-255c
In base 4, what is -20132 + -2111002?
-2131200
In base 8, what is 101510615 + 4?
101510621
In base 11, what is -3a23 + a03?
-3020
In base 13, what is 7 + a8abbcc?
a8abc06
In base 11, what is 25782862 + 1?
25782863
In base 13, what is 133aa - -3c8?
137a5
In base 9, what is -8666 + 843?
-7723
In base 11, what is -21451 + 26?
-21426
In base 8, what is 270214 + 161?
270375
In base 8, what is 42 + 735750?
736012
In base 10, what is 144 + 2921788?
2921932
In base 2, what is -101000000011000100111 - 10000000?
-101000000011010100111
In 